et k(t) be the first derivative of j(t). What is k(-3)?
6
Let s(y) = y - 2. Let m(q) = -4*q + 10. Let h(r) = 3*m(r) + 14*s(r). Let w be (-1 - -2)/(1/(-4)). Let k be 21/w - 2/(-8). Calculate h(k).
-8
Let s be (-2 - 5)*1*-1*1. Suppose 3*q - 3*p = -q + 4, 0 = 5*q + 3*p - 32. Let k(i) = 3*i + 6. Let n(c) = -5*c - 11. Let y(b) = q*n(b) + s*k(b). What is y(6)?
4
Let j(q) = -26*q + 6 - 5*q**2 - 23 - q**2 + 4*q**2 + 7*q. Calculate j(-8).
7
Let f(o) = -6*o - 1. Let j be f(-1). Let a(i) = -4*i - i**2 - j*i + 3*i + i - 2. Determine a(-4).
2
Suppose 5*h = -2*t + 13, -3*t = -2*t + 4*h - 11. Let d(c) = c - 14*c**3 + 1 + 4*c**3 + 3*c**3. What is d(t)?
7
Let c be 1 + (2/4)/((-19)/(-76)). Let q(m) be the first derivative of -1/3*m**3 - 6*m + c*m**2 - 4. What is q(5)?
-1
Let q be ((-10)/(-15))/(6/(-63)). Let w(g) = g**2 + g + 1. Let h(y) = y**3 + 12*y**2 + 7*y + 11. Let l(o) = -h(o) + 5*w(o). Calculate l(q).
8
Suppose -63 = 7*l + 7. Let p(g) = g - 12. Give p(l).
-22
Let f(k) = 2*k. Let o(a) = 7*a - 6. Let c(u) = 12*f(u) - 4*o(u). Determine c(5).
4
Let c be -12 + (-1)/((-2)/(-2)). Let g = 28 + c. Let x = 12 - g. Let l(h) = h**2 + 2*h - 3. Give l(x).
0
Let p(j) = 3*j**2 + j + 8 - 4*j**2 + 0*j. Let h be p(3). Let l(x) = 2*x + 1. Give l(h).
5
Let a(q) = 2*q**2 - 5*q - 4*q**2 + 3 + 12*q. Let u(w) = -2*w**2 + 6*w + 2. Let j(l) = -5*a(l) + 6*u(l). Calculate j(3).
-18
Suppose 4 = 8*g - 12. Suppose -8 = -g*t - 5*u - 3, -u = t + 2. Let l(w) = w**3 + 6*w**2 + 5*w + 3. Calculate l(t).
3
Let f(b) = 2*b**3 + 4*b**2 + 2*b - 3*b + 7 + 3*b - 3*b**3. Calculate f(5).
-8
Let j(v) = 2*v**2 - 4*v + 4. Let n(p) = -4*p**2 + 9*p - 9. Let o(d) = 9*j(d) + 4*n(d). Let u = 5 + -7. Let f be (u*(-3)/(-3))/(-2). Calculate o(f).
2
Let x(m) = m**2 - m + 1. Let f be (-62)/(-22) - 2/(-11). Let a(h) = -3*h**2 + h**3 + 4*h - 4*h + 3. Let z be a(f). Calculate x(z).
7
Suppose -4*a = 4*k - 8, 54*k + 3*a = 58*k - 15. Let w(z) = 4 - z - 1 - 2*z. Give w(k).
-6
Let h(j) = -11*j - 4*j - 54 - 19*j**2 - 24*j**2 + 42*j**2. Let k be h(-10). Let d(l) = l**3 + 4*l**2 - 2*l - 4. Calculate d(k).
4
Let g(d) = 19*d**3 + d**2. Let c(r) = -2*r**2 + 3*r + 5. Let o be c(4). Let j be 4/20 - 132/o. Suppose j*l + 4 = 5*l. Calculate g(l).
-18
Let o(v) = v + 1. Let y(f) = f. Let k(n) = 3*o(n) - 2*y(n). Give k(-3).
0
Let o(b) = -b**3 + 5*b**2 + 8*b - 7. Let k(v) = v**3 + 7*v**2 + v + 5. Let y be k(-8). Let i = y + 73. Determine o(i).
5
Let p(n) be the third derivative of -1/24*n**4 + 0*n + 4*n**2 + 2/3*n**3 + 0. What is p(11)?
-7
Let s(m) = -5*m**2 + 14*m - 3. Let d(c) = c**2 + 2*c. Let b(p) = 4*d(p) + s(p). Calculate b(22).
-3
Let m be 4 + (30/(-6) - 4) + 4. Let h(y) = 19*y**3 + y**2 - y - 1. Calculate h(m).
-18
Let a(d) = -12*d + 3*d - 9 + 10*d. Calculate a(-8).
-17
Let w(m) be the second derivative of -m**7/840 + m**6/72 - m**5/60 + m**4/6 + 17*m**3/6 - 13*m. Let t(d) be the second derivative of w(d). Calculate t(5).
-6
Let c(o) be the second derivative of -o**3/3 - 3*o**2/2 - 3*o. Let z = 176 - 182. What is c(z)?
9
Suppose 0 = -4*z, -2*r = -0*z + 4*z - 8. Let x = 27 - 21. Let d(v) = 3 + 4*v**2 - x*v - 3*v**2 + v. What is d(r)?
-1
Let x(v) be the second derivative of v**5/20 + 7*v**4/12 + v**3/6 - 3*v**2 + v. Let l = 8713 + -8719. Give x(l).
24
Suppose -36 = 14*l - 50. Let o(t) = 19*t**2 - t. Give o(l).
18
Let i(k) be the first derivative of -k**4/4 + k**3 - 2. Suppose 0 = -y - b - 1, -2*b = -5*y + b + 27. Let w be i(y). Let z(m) = m**2 + 3. What is z(w)?
3
Let x(p) = p**3 + 4*p**2 + 3. Let r be 2/(-2) - (0 - -3). Let n be x(r). Let o(t) = -n*t**3 - 5 + 2*t**3 - 3*t + 2 - 6*t**2. Give o(-6).
15
Let w = 436 + -446. Let r(u) = u**3 + 10*u**2 - u - 12. Determine r(w).
-2
Let t be -9*(-5 + (-32)/(-6)). Let w(p) be the third derivative of p**2 + 2/3*p**3 + 1/15*p**5 + 0*p + 5/24*p**4 + 0 + 1/120*p**6. What is w(t)?
-2
Let v(d) = d**3 - 5*d**2 - 4*d + 12. Let a = -18 - -23. Calculate v(a).
-8
Let y(m) = m**2 - 9*m - 13. Let w be y(10). Let p be 2/w*27/(-6). Let q(u) = -2 - u**2 + u + 6 - p*u**2 + u**3. Determine q(4).
8
Let s(i) be the second derivative of -i**5/20 + i**4/2 - i**3/2 - i**2/2 + 69*i. Give s(5).
9
Let o(f) = -f**2 + 2*f + 5. Let x(j) = -8*j + 299. Let c be x(38). What is o(c)?
-30
Suppose -6*f = -f + 20. Let g(m) = -3*m + 5. Let t(a) = a + 1. Let p(j) = f*t(j) - g(j). Determine p(-7).
-2
Let o(b) be the third derivative of -b**6/120 + 2*b**5/15 - 5*b**4/24 + 2*b**3 - 5*b**2 + 5*b. Determine o(8).
-28
Let u(f) be the first derivative of -3*f**2/2 - f - 205. Calculate u(-6).
17
Let s(t) = 5*t - 8. Let m(h) = -4 + 3 - h + 2 + 0. Let z(q) = 6*m(q) + s(q). Give z(0).
-2
Let g be (-3)/(30/4) + 44/110. Suppose -l + 5*l - 24 = g. Let k(n) = n**2 - 7*n + 3. What is k(l)?
-3
Let p(x) = x**3 - 5*x**2 - 5*x - 13. Suppose 11*b = 9*b + 12. Calculate p(b).
-7
Let w(m) be the second derivative of -m**3/2 - m**2 - m - 263. Let p = -3 - -4. Let b(q) = -2*q. Let r be b(p). What is w(r)?
4
Let c(r) = -156 + r + 158 + r - r. Suppose 2*a - 51 = 5*y - 17, 4*y + 5*a + 14 = 0. Determine c(y).
-4
Let x = -8 + -1. Let n(k) be the second derivative of -k**5/20 - 5*k**4/6 - 4*k**3/3 + 5*k**2/2 + 723*k. Give n(x).
-4
Let q(f) = f**2 - 2*f + 1. Suppose 2*l - 40 = -3*l. Let m(o) = -2*o + 19. Let u be m(l). Suppose 4 = z + u*z. Determine q(z).
0
Let z(l) = 4*l + 11. Let v = 366 - 369. Calculate z(v).
-1
Let w be (0 + 0)*(-22)/(-22) - -4. Let s(j) = -j**3 + 4*j**2 + 3. Give s(w).
3
Let r(o) = 7*o + 2. Let h(v) be the third derivative of -v**4/3 - v**3/2 - 10*v**2. Let i(p) = -3*h(p) - 4*r(p). Determine i(1).
-3
Let l = -9 + 9. Suppose l*w = w. Let r(f) be the third derivative of f**6/120 + f**4/24 - f**3/2 - 2*f**2. Give r(w).
-3
Let k(r) = 9*r**2 + 3*r - 4. Let j(p) = -11*p**2 - 4*p + 3. Let v(y) = -5*j(y) - 6*k(y). Determine v(-3).
12
Let o(b) = 15*b**2 - 3. Let u(x) = -15*x**2 + 2. Let k(g) = 3*o(g) + 4*u(g). Suppose 9*i + 2 = 7*i, -2*t + 4*i + 6 = 0. What is k(t)?
-16
Let b(j) = j**3 - 16*j**2 + 17*j - 27. Let m be b(15). Suppose -9 = -3*u + f, 0*f = m*u + 3*f - 9. Let d(z) = -z**2 + 4*z - 3. What is d(u)?
0
Let u(y) be the third derivative of -y**6/120 - y**5/30 + y**4/6 + y**3/6 + 42*y**2. Give u(-4).
17
Let a(d) be the second derivative of -3*d**4/4 - d**3/3 - d**2/2 - 367*d. Suppose 4 = -q + 3. Determine a(q).
-8
Let q(r) = -12*r + 1. Let i = 503 - 504. Determine q(i).
13
Suppose -17 = 31*l - 33*l + 5*d, 0 = -5*l - 4*d - 7. Let r(m) = 25*m**2 - 2*m + 1. What is r(l)?
24
Let r(p) = -2*p - 41. Suppose -538 = 30*s + 152. Calculate r(s).
5
Let k(b) = -112*b**2 - 1 + b**3 + 109*b**2 - b + b. Give k(3).
-1
Let r(z) = z**3 - 9*z**2 + 2*z - 8. Suppose -37 = -3*b - 10. What is r(b)?
10
Let j(g) be the first derivative of 2*g**3/3 + g**2/2 + g - 1. Let r = -23 - -56. Let u = r - 34. What is j(u)?
2
Let o(y) = 6*y - 11. Let s(i) = i - 1. Let r(g) = g**2 - g. Let p be r(2). Let b(a) = p*o(a) - 14*s(a). Give b(-8).
8
Let r(a) = -a**3 - 3*a**2 + 4*a + 15. Let l be r(-3). Let w(z) be the first derivative of 1 + 1/3*z**l + 1/2*z**2 + 0*z. Give w(-1).
0
Let h be (-1 + 4)*(6/9 + 0). Suppose -2*t - 3*t - 5*d = 30, -4*d - 6 = -h*t. Let q(w) = -w**3 - 3*w**2 - 2. Determine q(t).
-2
Let s(j) be the first derivative of j**4/2 - j**3/3 - j**2/2 - 2*j + 2. Let c be (2/5)/(5/50). Suppose q = -2*z + c, -z + 4*q = 2*z - 6. Calculate s(z).
8
Let a(z) be the second derivative of -z**4/6 + 3*z**3/2 + 9*z**2/2 - z. Let f be a(5). Let x(w) = -w**2 + w + 2*w**2 - 4*w. What is x(f)?
4
Let z(y) = y**3 + 5*y**2 + 2*y + 2. Suppose 0 = -14*m - 56 - 14. Calculate z(m).
-8
Let a(b) = -b + 7. Suppose 5*d + 2*j + 3 = 23, -j + 9 = 2*d. Suppose -d*w - 2*w + 264 = 0. Let c be (-84)/(-22) + 12/w. Determine a(c).
3
Let y(o) = -2*o**3 + 55*o**2 - 76*o - 46. Let c be y(26). Let n(q) = q**3 - 7*q**2 + 5*q. Calculate n(c).
-6
Suppose -16*c - 113 - 79 = 0. Let b(h) = -h**3 - 11*h**2 + 11*h - 12. Determine b(c).
0
Let d(y) be the third derivative of -y**4/6 - y**3/6 + 3*y**2 + 63. Let k = -3 - -1. Give d(k).
7
Let m(r) = 6*r + 7. Let j be (-92)/(-16) - 3/4. Suppose -2*w + w = j. Determine m(w).
-23
Let s(u) = u**2 + 11*u + 11. Let p be s(-11). Let j(i) = i**3 - 11*i**2 - 10. Determine j(p).
-10
Let o(i) = -i**2 - 1. Let d(m) = 2*m**2 + 2*m - 2. Let n(x) = d(x) + 4*o(x). What is n(-4)?
-4